the remainder when y is divided by i(-3).
0
Suppose 2*j - 4*v = 56, -2*j - 35 = -3*j - 5*v. Suppose -4*z + n + 199 = 0, 4*z - n - 99 = 2*z. Let q = z - j. What is the remainder when 58 is divided by q?
18
Calculate the remainder when 64 is divided by (-3 + (-15)/(-9))*1674/(-72).
2
Let m = 298 - 127. Suppose -47 = k + m. Let w = -145 - k. Calculate the remainder when w is divided by 25.
23
Suppose -4*n = 18*n - 264. What is the remainder when 46 is divided by n?
10
Let g = 41 - 37. Suppose -g*j + 8*j = 12. Calculate the remainder when 13 is divided by j.
1
Suppose 4*h - 4*r + 148 = 0, r = 3*h + 4*r + 129. Let o = 58 + h. Calculate the remainder when 35 is divided by o.
17
Suppose -5*r = 5*u - 305, 42*u + 147 = 2*r + 39*u. Calculate the remainder when 262 is divided by r.
64
Let q = 3886 + -3805. Suppose 0 = -2*f + 3*d + 16, -4*d - 28 = -4*f + d. Suppose f*w - 21 = w. What is the remainder when q is divided by w?
18
Let h(c) = 18*c**3 - 2*c - 1. Let t be h(-1). Let b = -7 - -5. What is the remainder when t*(b - (-8)/(-4)) is divided by 23?
22
Let r(h) = -h**3 + 9*h**2 - h + 19. Let c be r(9). Let k = 9 + c. What is the remainder when k is divided by 10?
9
Let o = -828 + -9. Calculate the remainder when (o/6)/((-15)/20) is divided by 21.
18
Suppose 11*b = -362 - 903. Calculate the remainder when 153 is divided by b/(-3) - (-20)/30.
36
Suppose 8*u - 1567 = -31. Suppose 6*s - 4*s + u = 0. Let z = s + 138. What is the remainder when z is divided by 11?
9
Let s = 40 + -16. Let k = 6 - 4. Suppose 0 = -2*b - k*b + 380. Calculate the remainder when b is divided by s.
23
Suppose 0 = -91*h + 89*h + 14. What is the remainder when 121 is divided by h?
2
Suppose 11*z + 44 = 15*z. What is the remainder when 86 is divided by z?
9
Suppose -2*a + 0*a = -6. Suppose 5*s - 80 + 273 = a*g, -225 = -3*g - 3*s. Let n(k) = k**3 + 7*k**2 + 7*k + 3. What is the remainder when g is divided by n(-5)?
17
Let p = 28 - -42. Calculate the remainder when 137 is divided by p.
67
Let k = 28 - 31. What is the remainder when (-26)/(-10) + k + 3720/50 is divided by 19?
17
Let i(t) = -14*t + 22. Let p be i(13). Calculate the remainder when p/(-8)*((-18)/(-8) - -3) is divided by 22.
17
Suppose 5*u = 2*u - 135. Let n = u - -57. Calculate the remainder when 69 is divided by n.
9
Suppose -9*w + 607 = 112. What is the remainder when 56 is divided by (w/(-22))/(2/(3*-4))?
11
Suppose 4*f = 8*g - 93 + 525, -4*f - 2*g + 382 = 0. Calculate the remainder when f is divided by 46.
6
Let q(u) = 2*u**2 - u - 9. Let j(k) = 3*k**2 + 3*k - 2. Let t be j(1). Calculate the remainder when q(t) is divided by 11.
8
Let o = 127 + 390. Calculate the remainder when o is divided by 10.
7
Suppose -5*v - 80 = -5*i, -v - 52 = -4*i - 3*v. Let g = 40 - i. Calculate the remainder when 49 is divided by g.
23
Let w = -18 - 26. Let x = w - -102. Calculate the remainder when x is divided by 10.
8
Let h(q) = q**3 + 7. Let c be h(0). Suppose c*a - 15 = 2*a. What is the remainder when ((a - 2) + 3)*13 is divided by 11?
8
Let t(m) = m**3 - 13*m**2 + 8*m - 94. What is the remainder when 29 is divided by t(13)?
9
Suppose -3*g - 2*w + 99 = -5*w, -g - 5*w = -39. Calculate the remainder when 438 is divided by g.
30
Let y(a) = 28*a**3 - 1. Suppose 2 = -5*k - 3*p - 2, -4*k - 2 = 2*p. Calculate the remainder when y(k) is divided by 8.
3
Let n(u) = u**3 + 7*u**2 + 5*u - 3. Let q be n(-4). Suppose 37 + q = h. Calculate the remainder when h is divided by 21.
20
Let o(j) = j + 10. Let x be o(-5). Suppose x = -v + 38. What is the remainder when v is divided by 32/(-20)*(-30)/4?
9
What is the remainder when 174 is divided by (0/(-5))/5 - -22?
20
Let b = -434 - -533. Let y(z) = 3*z**2 - 4*z + 2. Calculate the remainder when b is divided by y(4).
31
Suppose 0 = -5*u + 2*q + 44, -5*q - 25 = 13*u - 17*u. Calculate the remainder when 146 is divided by u.
6
Let d(h) = -2*h + 7. Suppose 0 = 4*q - 2*q - 20. Suppose 0*g - q = g. What is the remainder when d(g) is divided by 14?
13
Let g(h) = -h + 4. Suppose -117 = 46*r - 76*r + 17*r. What is the remainder when r is divided by g(3)?
0
Suppose 59 = 2*k + 17. Let f(d) = d**3 - 2*d**2 - 2*d - 1. Let a be f(3). Suppose -12 = q - a*q. Calculate the remainder when k is divided by q.
9
Let n = 1634 + -1612. Calculate the remainder when 438 is divided by n.
20
Suppose 4*b + 0*b = 180. What is the remainder when 7*32 + -5 + 12/3 is divided by b?
43
Calculate the remainder when 122 is divided by 5*(-16)/(-40) - -32.
20
Suppose -2*g + g = 9. Let m = g - -6. Calculate the remainder when ((-9)/(-4) + m)*-20 is divided by 4.
3
Let s = 189 - 125. What is the remainder when 446 is divided by s?
62
Suppose 469 = 4*a + 5*h, -44 = a - 4*h - 156. Let t be 5 - 3 - (-48 - 2). Let j = a - t. Calculate the remainder when j is divided by 17.
13
Suppose h = -126 - 3. Let i(f) = 2*f**3 - 20*f**2 + 4*f - 18. Calculate the remainder when 4*1*h/(-6) is divided by i(10).
20
Suppose 82*y - 189750 = -43*y. What is the remainder when y is divided by 40?
38
Suppose -y + 4*p = 9*p - 30, 4*y - p = 36. Let j(g) = 3*g**2 - 3*g. What is the remainder when j(4) is divided by y?
6
Calculate the remainder when 169/2 - (-23)/(-46) is divided by 29.
26
Let p = 66 - 21. Suppose 0*w - w + 12 = n, -5*w = 2*n - p. Calculate the remainder when 41 is divided by w.
6
Let h(t) = 379*t**3 - 2*t**2 + t. Let l be h(1). Suppose 12*m - 1050 = l. Calculate the remainder when m is divided by 24.
23
Let v(g) = g**3 + 7*g**2 - 10*g - 11. Let c be v(-8). Let b be (c/(-10))/(2/(-24)). What is the remainder when 33 is divided by 28/b*18/7?
9
Suppose -22 = -2*o + 5*d, -o - o + 3*d + 26 = 0. Calculate the remainder when 42 + 3/(-9)*-6 is divided by o.
12
Suppose 0 = -17*f + 234 + 38. Calculate the remainder when 57 is divided by f.
9
Let s = -10 - -9. Calculate the remainder when (-1)/(-2) - (-49)/2 is divided by ((-3 - (-23)/3)*-3)/s.
11
Let d(r) = -18*r - 405. What is the remainder when 250 is divided by d(-26)?
61
Suppose 5*l + 4*x - 120 = 0, 5*l + 5*x = 42 + 83. Calculate the remainder when 32 is divided by l.
12
Suppose 0 = j - 2, 17*f + 2*j - 212 = 13*f. What is the remainder when 258 is divided by f?
50
Let o(h) = -h**2 + 7*h + 1. What is the remainder when (-2 - (-63)/15)/((-15)/(-75)) is divided by o(6)?
4
Suppose 0 = 3*x - 11 - 4. Suppose 2*c = -4*g + 58, -4*c = -x*g + c + 35. Let u = 12 + g. Calculate the remainder when 70 is divided by u.
22
Suppose 33*d - 57*d + 2064 = 0. Calculate the remainder when d is divided by 15.
11
Let j(t) be the first derivative of -t**3/3 - 7*t**2 - 13*t - 4. Let a be j(-11). Let x = a - 14. Calculate the remainder when 17 is divided by x.
5
Let d(j) = -18 - 4*j + j**3 - 10*j**2 + 14*j**2 - 9*j**2. Calculate the remainder when d(7) is divided by 11.
8
Let t(a) = a**2 + 12*a + 7. What is the remainder when 255 is divided by t(-15)?
47
Let d(l) = 8*l - 1. Let g be ((-6)/(-3))/((-1)/(-2)). Let s be d(g). Suppose -14 - s = -3*v. Calculate the remainder when 58 is divided by v.
13
Suppose -m = -2*m + 14. Let d = -1433 + 1456. Calculate the remainder when d is divided by m.
9
Suppose 2*j - 5*u - 35 = 0, 0 = 4*j + 2*u + 8 - 138. Calculate the remainder when j is divided by 10.
0
Suppose q = 2*o - 44 + 144, 5*q = 2*o + 108. Let a = o + 66. Calculate the remainder when a is divided by 8.
1
Suppose -1106 - 1609 = -15*w. Calculate the remainder when w is divided by 22.
5
Suppose 6 = -0*t + 2*t. Let z = 289 - 280. Suppose 4*w + 0*w + z = 3*o, -4*o + 37 = t*w. Calculate the remainder when 34 is divided by o.
6
Let t(z) = z**2 + 19*z + 99. What is the remainder when 924 is divided by t(-9)?
6
Let r(o) = -4*o + 368. What is the remainder when r(-44) is divided by 26?
24
Suppose 47*n - 2495 - 1923 = 0. What is the remainder when n is divided by 43?
8
Suppose 3 = -2*l + 15. Let x = l + -2. What is the remainder when 13 is divided by x?
1
Let k = -67 - -20. Let x = -1 - k. What is the remainder when x is divided by 16?
14
Let t = -89 - -184. Suppose -5*l - 2*h + t = h, -4*h = -2*l + 38. What is the remainder when l is divided by 11?
8
Let a(t) = 28*t**2 + t + 7. Calculate the remainder when a(-2) is divided by 60.
57
Let f(c) = c**3 - 5*c**2 + 10*c - 8. Let g be f(6). Suppose 2*d - 5*d - 9 = 0. What is the remainder when 39 is divided 